 869.
11, 79
List the prime factors of 222.
2, 3, 37
List the prime factors of 867.
3, 17
What are the prime factors of 72775?
5, 41, 71
List the prime factors of 4160.
2, 5, 13
What are the prime factors of 9375?
3, 5
List the prime factors of 2706.
2, 3, 11, 41
What are the prime factors of 76195?
5, 7, 311
What are the prime factors of 2208?
2, 3, 23
List the prime factors of 33888.
2, 3, 353
What are the prime factors of 4507?
4507
What are the prime factors of 10825?
5, 433
What are the prime factors of 5963?
67, 89
List the prime factors of 1202.
2, 601
List the prime factors of 15499.
11, 1409
List the prime factors of 53001.
3, 13, 151
List the prime factors of 27605.
5, 5521
What are the prime factors of 3352?
2, 419
What are the prime factors of 12126?
2, 3, 43, 47
List the prime factors of 1284.
2, 3, 107
What are the prime factors of 6772?
2, 1693
What are the prime factors of 5462?
2, 2731
What are the prime factors of 38346?
2, 3, 7, 11, 83
List the prime factors of 12394.
2, 6197
What are the prime factors of 263?
263
List the prime factors of 28296.
2, 3, 131
List the prime factors of 353.
353
List the prime factors of 65189.
19, 47, 73
What are the prime factors of 4361?
7, 89
What are the prime factors of 350?
2, 5, 7
List the prime factors of 13822.
2, 6911
What are the prime factors of 3506?
2, 1753
What are the prime factors of 45704?
2, 29, 197
List the prime factors of 4692.
2, 3, 17, 23
List the prime factors of 291.
3, 97
What are the prime factors of 35141?
35141
List the prime factors of 966.
2, 3, 7, 23
What are the prime factors of 49951?
11, 19, 239
List the prime factors of 62950.
2, 5, 1259
What are the prime factors of 5966?
2, 19, 157
List the prime factors of 2956.
2, 739
List the prime factors of 15538.
2, 17, 457
What are the prime factors of 1708?
2, 7, 61
List the prime factors of 3444.
2, 3, 7, 41
List the prime factors of 693.
3, 7, 11
What are the prime factors of 8275?
5, 331
List the prime factors of 111167.
7, 15881
List the prime factors of 476.
2, 7, 17
What are the prime factors of 16786?
2, 7, 11, 109
What are the prime factors of 5916?
2, 3, 17, 29
What are the prime factors of 6168?
2, 3, 257
List the prime factors of 69.
3, 23
What are the prime factors of 961?
31
List the prime factors of 47.
47
List the prime factors of 24078.
2, 3, 4013
List the prime factors of 28198.
2, 23, 613
List the prime factors of 2795.
5, 13, 43
What are the prime factors of 21643?
23, 941
What are the prime factors of 27142?
2, 41, 331
List the prime factors of 789.
3, 263
List the prime factors of 1935.
3, 5, 43
List the prime factors of 9773.
29, 337
List the prime factors of 44.
2, 11
What are the prime factors of 197171?
13, 29, 523
What are the prime factors of 10354?
2, 31, 167
What are the prime factors of 8789?
11, 17, 47
List the prime factors of 8628.
2, 3, 719
What are the prime factors of 672?
2, 3, 7
What are the prime factors of 41206?
2, 11, 1873
List the prime factors of 534.
2, 3, 89
List the prime factors of 11282.
2, 5641
What are the prime factors of 23730?
2, 3, 5, 7, 113
List the prime factors of 4382.
2, 7, 313
What are the prime factors of 400?
2, 5
List the prime factors of 1432.
2, 179
List the prime factors of 17923.
17923
What are the prime factors of 3000?
2, 3, 5
What are the prime factors of 76413?
3, 25471
List the prime factors of 1347.
3, 449
List the prime factors of 1310.
2, 5, 131
What are the prime factors of 2814?
2, 3, 7, 67
What are the prime factors of 849?
3, 283
What are the prime factors of 3395?
5, 7, 97
List the prime factors of 60578.
2, 7, 4327
What are the prime factors of 884?
2, 13, 17
List the prime factors of 8566.
2, 4283
What are the prime factors of 966?
2, 3, 7, 23
What are the prime factors of 3131?
31, 101
List the prime factors of 3715.
5, 743
List the prime factors of 935.
5, 11, 17
List the prime factors of 15496.
2, 13, 149
What are the prime factors of 1218?
2, 3, 7, 29
List the prime factors of 2779.
7, 397
List the prime factors of 326.
2, 163
What are the prime factors of 19592?
2, 31, 79
What are the prime factors of 8898?
2, 3, 1483
What are the prime factors of 12599?
43, 293
List the prime factors of 2229.
3, 743
List the prime factors of 32459.
7, 4637
List the prime factors of 5312.
2, 83
List the prime factors of 1359.
3, 151
What are the prime factors of 9120?
2, 3, 5, 19
List the prime factors of 5226.
2, 3, 13, 67
What are the prime factors of 5594?
2, 2797
List the prime factors of 1251.
3, 139
What are the prime factors of 9070?
2, 5, 907
List the prime factors of 5062.
2, 2531
What are the prime factors of 36523?
36523
What are the prime factors of 57823?
53, 1091
What are the prime factors of 16355?
5, 3271
What are the prime factors of 1865?
5, 373
List the prime factors of 14421.
3, 11, 19, 23
What are the prime factors of 2460?
2, 3, 5, 41
List the prime factors of 34130.
2, 5, 3413
What are the prime factors of 19720?
2, 5, 17, 29
What are the prime factors of 2346?
2, 3, 17, 23
List the prime factors of 5867.
5867
List the prime factors of 1924.
2, 13, 37
List the prime factors of 6408.
2, 3, 89
What are the prime factors of 5198?
2, 23, 113
List the prime factors of 139383.
3, 17, 911
What are the prime factors of 9688?
2, 7, 173
What are the prime factors of 51902?
2, 25951
List the prime factors of 2115.
3, 5, 47
What are the prime factors of 37126?
2, 19, 977
List the prime factors of 29597.
17, 1741
What are the prime factors of 14090?
2, 5, 1409
What are the prime factors of 63?
3, 7
What are the prime factors of 1455?
3, 5, 97
What are the prime factors of 21026?
2, 10513
What are the prime factors of 9305?
5, 1861
What are the prime factors of 1206?
2, 3, 67
List the prime factors of 681.
3, 227
List the prime factors of 11634.
2, 3, 7, 277
List the prime factors of 21796.
2, 5449
List the prime factors of 959.
7, 137
List the prime factors of 905.
5, 181
What are the prime factors of 827?
827
List the prime factors of 95353.
17, 71, 79
List the prime factors of 909.
3, 101
List the prime factors of 592.
2, 37
List the prime factors of 428.
2, 107
List the prime factors of 4040.
2, 5, 101
What are the prime factors of 3460?
2, 5, 173
List the prime factors of 3534.
2, 3, 19, 31
List the prime factors of 118860.
2, 3, 5, 7, 283
List the prime factors of 6392.
2, 17, 47
What are the prime factors of 2270?
2, 5, 227
What are the prime factors of 3158?
2, 1579
What are the prime factors of 14436?
2, 3, 401
List the prime factors of 10542.
2, 3, 7, 251
What are the prime factors of 1332?
2, 3, 37
What are the prime factors of 154?
2, 7, 11
What are the prime factors of 37713?
3, 13, 967
What are the prime factors of 28594?
2, 17, 29
What are the prime factors of 203?
7, 29
What are the prime factors of 3862?
2, 1931
What are the prime factors of 8363?
8363
List the prime factors of 705.
3, 5, 47
What are the prime factors of 576?
2, 3
List the prime factors of 1387.
19, 73
List the prime factors of 41981.
41981
What are the prime factors of 3665?
5, 733
List the prime factors of 10743.
3, 3581
What are the prime factors of 946?
2, 11, 43
List the prime factors of 17963.
11, 23, 71
What are the prime factors of 1809?
3, 67
List the prime factors of 964.
2, 241
What are the prime factors of 94526?
2, 151, 313
List the prime factors of 21474.
2, 3, 1193
List the prime factors of 3359.
3359
List the prime factors of 136659.
3, 45553
List the prime factors of 113.
113
What are the prime factors of 25850?
2, 5, 11, 47
What are the prime factors of 53719?
53719
List the prime factors of 1419.
3, 11, 43
What are the prime factors of 619?
619
What are the prime factors of 1458?
2, 3
What are the prime factors of 13876?
2, 3469
List the prime factors of 5011.
5011
What are the prime factors of 3542?
2, 7, 11, 23
List the prime factors of 8054.
2, 4027
List the prime factors of 5197.
5197
What are the prime factors of 66909?
3, 22303
What are the prime factors of 1515?
3, 5, 101
List the prime factors of 2175.
3, 5, 29
What are the prime factors of 19006?
2, 13, 17, 43
List the prime factors of 1293.
3, 431
List the prime factors of 6160.
2, 5, 7, 11
What are the prime factors of 254?
2, 127
List the prime factors of 3494.
2, 1747